{"id":1402,"date":"2024-09-06T07:57:52","date_gmt":"2024-09-06T06:57:52","guid":{"rendered":"https:\/\/www.granviksforskola.se\/?page_id=1402"},"modified":"2024-09-06T13:56:55","modified_gmt":"2024-09-06T12:56:55","slug":"utbildning-och-undervisning","status":"publish","type":"page","link":"https:\/\/www.granviksforskola.se\/?page_id=1402","title":{"rendered":"Utbildning och undervisning"},"content":{"rendered":"\n<p>Hos oss p\u00e5 Granviks f\u00f6rskola p\u00e5g\u00e5r utbildningen hela dagen och vi f\u00f6ljer de nationella styrdokumenten <a href=\"https:\/\/www.riksdagen.se\/sv\/dokument-och-lagar\/dokument\/svensk-forfattningssamling\/skollag-2010800_sfs-2010-800\/\">Skollagen<\/a> samt <a href=\"https:\/\/www.skolverket.se\/undervisning\/forskolan\/laroplan-for-forskolan\/laroplan-lpfo-18-for-forskolan\">L\u00e4roplan f\u00f6r f\u00f6rskolan, Lpf\u00f618<\/a>. Utbildningen vilar p\u00e5 vetenskaplig grund och bepr\u00f6vad erfarenhet och vi str\u00e4var alltid efter att du som v\u00e5rdnadshavare ska ges m\u00f6jlighet engagera dig i ditt\/dina barns f\u00f6rsta utbildningssteg. V\u00e5rt m\u00e5l \u00e4r att f\u00f6rskolan ska vara meningsskapande och m\u00f6jligg\u00f6ra ett livsl\u00e5ngt l\u00e4rande. Barnen ska ha roligt n\u00e4r de l\u00e4r, de ska utmanas, f\u00e5 lyckas och f\u00e5 k\u00e4nna gl\u00e4djen av att utvecklas tillsammans med sina kamrater. <br>F\u00f6r att uppn\u00e5 detta har vi valt att ha en h\u00f6g andel f\u00f6rskoll\u00e4rare anst\u00e4llda. Cirka 70 % av v\u00e5ra anst\u00e4llda \u00e4r legitimerade f\u00f6rskoll\u00e4rare och cirka 30 % \u00e4r utbildade barnsk\u00f6tare. <br>Vi har gemensamma planerings- och dokumentationsmallar f\u00f6r att s\u00e5 l\u00e5ngt som m\u00f6jligt skapa likv\u00e4rdighet mellan avdelningarna och en undervisning som h\u00e5ller h\u00f6gsta kvalitet. Vi \u00e4r stolta \u00f6ver att aldrig ha f\u00e5tt n\u00e5gon anm\u00e4rkning under de tillsyner som utbildningsn\u00e4mnden, milj\u00f6enheten och Skolinspektionen g\u00f6r.\u00a0<\/p>\n\n\n\n<p><strong>Undervisning<\/strong>&nbsp;<br>F\u00f6rskolan f\u00f6ljer l\u00e4roplanen utifr\u00e5n ett \u00e5rshjul med olika \u00e4mnesomr\u00e5den. Vi har fyra \u00f6vergripande omr\u00e5den som \u00e4r: socialt samspel, spr\u00e5k, matematik och naturvetenskap\/teknik. \u00d6vriga l\u00e4roplansomr\u00e5den, s\u00e5 som r\u00f6relse\/motorik, skapande, s\u00e5ng\/musik, egen och andras kulturer, traditioner m. m. v\u00e4vs in i de \u00f6vergripande \u00e4mnesomr\u00e5dena. Alla avdelningar jobbar med samma \u00e4mnesomr\u00e5den och l\u00e4roplansm\u00e5l samtidigt f\u00f6r att \u00f6ka likv\u00e4rdigheten, kunna inspirera varandra och utvecklas tillsammans. Arbetet kan dock se lite olika ut p\u00e5 respektive avdelning eftersom vi utg\u00e5r ifr\u00e5n barnens intressen och erfarenheter n\u00e4r vi planerar v\u00e5rt arbete.&nbsp;<\/p>\n\n\n\n<figure class=\"wp-block-gallery has-nested-images columns-default is-cropped wp-block-gallery-1 is-layout-flex wp-block-gallery-is-layout-flex\">\n<figure class=\"wp-block-image size-large is-style-rounded\"><a href=\"https:\/\/www.granviksforskola.se\/wp-content\/uploads\/2024\/09\/gangbro-scaled.jpg\" data-ob=\"lightbox[1402]\"><img loading=\"lazy\" decoding=\"async\" width=\"1024\" height=\"683\" data-id=\"1450\" src=\"https:\/\/www.granviksforskola.se\/wp-content\/uploads\/2024\/09\/gangbro-1024x683.jpg\" alt=\"\" class=\"wp-image-1450\" srcset=\"https:\/\/www.granviksforskola.se\/wp-content\/uploads\/2024\/09\/gangbro-1024x683.jpg 1024w, https:\/\/www.granviksforskola.se\/wp-content\/uploads\/2024\/09\/gangbro-300x200.jpg 300w, https:\/\/www.granviksforskola.se\/wp-content\/uploads\/2024\/09\/gangbro-768x512.jpg 768w, https:\/\/www.granviksforskola.se\/wp-content\/uploads\/2024\/09\/gangbro-1536x1024.jpg 1536w, https:\/\/www.granviksforskola.se\/wp-content\/uploads\/2024\/09\/gangbro-2048x1365.jpg 2048w, https:\/\/www.granviksforskola.se\/wp-content\/uploads\/2024\/09\/gangbro-1568x1045.jpg 1568w\" sizes=\"(max-width: 1024px) 100vw, 1024px\" \/><\/a><\/figure>\n\n\n\n<figure class=\"wp-block-image size-large is-style-rounded\"><a href=\"https:\/\/www.granviksforskola.se\/wp-content\/uploads\/2024\/09\/bloklockan-scaled.jpg\" data-ob=\"lightbox[1402]\"><img loading=\"lazy\" decoding=\"async\" width=\"1024\" height=\"683\" data-id=\"1440\" src=\"https:\/\/www.granviksforskola.se\/wp-content\/uploads\/2024\/09\/bloklockan-1024x683.jpg\" alt=\"\" class=\"wp-image-1440\" srcset=\"https:\/\/www.granviksforskola.se\/wp-content\/uploads\/2024\/09\/bloklockan-1024x683.jpg 1024w, https:\/\/www.granviksforskola.se\/wp-content\/uploads\/2024\/09\/bloklockan-300x200.jpg 300w, https:\/\/www.granviksforskola.se\/wp-content\/uploads\/2024\/09\/bloklockan-768x512.jpg 768w, https:\/\/www.granviksforskola.se\/wp-content\/uploads\/2024\/09\/bloklockan-1536x1024.jpg 1536w, https:\/\/www.granviksforskola.se\/wp-content\/uploads\/2024\/09\/bloklockan-2048x1365.jpg 2048w, https:\/\/www.granviksforskola.se\/wp-content\/uploads\/2024\/09\/bloklockan-1568x1045.jpg 1568w\" sizes=\"(max-width: 1024px) 100vw, 1024px\" \/><\/a><\/figure>\n<\/figure>\n","protected":false},"excerpt":{"rendered":"<p>Hos oss p\u00e5 Granviks f\u00f6rskola p\u00e5g\u00e5r utbildningen hela dagen och vi f\u00f6ljer de nationella styrdokumenten Skollagen samt L\u00e4roplan f\u00f6r f\u00f6rskolan, Lpf\u00f618. Utbildningen vilar p\u00e5 vetenskaplig grund och bepr\u00f6vad erfarenhet och vi str\u00e4var alltid efter att du som v\u00e5rdnadshavare ska ges m\u00f6jlighet engagera dig i ditt\/dina barns f\u00f6rsta utbildningssteg. V\u00e5rt m\u00e5l \u00e4r att f\u00f6rskolan ska vara&hellip; <a class=\"more-link\" href=\"https:\/\/www.granviksforskola.se\/?page_id=1402\">Continue reading <span class=\"screen-reader-text\">Utbildning och undervisning<\/span><\/a><\/p>\n","protected":false},"author":1,"featured_media":0,"parent":0,"menu_order":0,"comment_status":"closed","ping_status":"closed","template":"","meta":{"footnotes":""},"class_list":["post-1402","page","type-page","status-publish","hentry","entry"],"_links":{"self":[{"href":"https:\/\/www.granviksforskola.se\/index.php?rest_route=\/wp\/v2\/pages\/1402"}],"collection":[{"href":"https:\/\/www.granviksforskola.se\/index.php?rest_route=\/wp\/v2\/pages"}],"about":[{"href":"https:\/\/www.granviksforskola.se\/index.php?rest_route=\/wp\/v2\/types\/page"}],"author":[{"embeddable":true,"href":"https:\/\/www.granviksforskola.se\/index.php?rest_route=\/wp\/v2\/users\/1"}],"replies":[{"embeddable":true,"href":"https:\/\/www.granviksforskola.se\/index.php?rest_route=%2Fwp%2Fv2%2Fcomments&post=1402"}],"version-history":[{"count":3,"href":"https:\/\/www.granviksforskola.se\/index.php?rest_route=\/wp\/v2\/pages\/1402\/revisions"}],"predecessor-version":[{"id":1508,"href":"https:\/\/www.granviksforskola.se\/index.php?rest_route=\/wp\/v2\/pages\/1402\/revisions\/1508"}],"wp:attachment":[{"href":"https:\/\/www.granviksforskola.se\/index.php?rest_route=%2Fwp%2Fv2%2Fmedia&parent=1402"}],"curies":[{"name":"wp","href":"https:\/\/api.w.org\/{rel}","templated":true}]}}