{"id":1408,"date":"2024-09-06T08:01:29","date_gmt":"2024-09-06T07:01:29","guid":{"rendered":"https:\/\/www.granviksforskola.se\/?page_id=1408"},"modified":"2024-09-06T08:08:22","modified_gmt":"2024-09-06T07:08:22","slug":"dokumentation","status":"publish","type":"page","link":"https:\/\/www.granviksforskola.se\/?page_id=1408","title":{"rendered":"Dokumentation"},"content":{"rendered":"\n<p>P\u00e5 Granviks f\u00f6rskola dokumenterar vi barnens l\u00e4rande och utveckling i appen <a href=\"https:\/\/tyra.io\/sv\/\">Tyra<\/a>. D\u00e4r l\u00e4ggs ocks\u00e5 schema in och du som v\u00e5rdnadshavare kan enkelt kontakta f\u00f6rskolan via appen.\u00a0\u00a0<\/p>\n\n\n\n<p>Vi f\u00f6ljer l\u00e4roplanen utifr\u00e5n ett \u00e5rshjul med olika \u00e4mnesomr\u00e5den. Exempelvis kan vi ha matematik, spr\u00e5k, sociala relationer, naturvetenskap och teknik eller motorik som \u00e4mnesomr\u00e5de.&nbsp; Vid varje uppstart s\u00e4tter pedagogerna ett m\u00e5l utifr\u00e5n l\u00e4roplanen som undervisningen planeras kring. Efter varje avslutat \u00e4mnesomr\u00e5de f\u00e5r varje barn en sammanfattande dokumentation av det vi arbetat med samt sin individuella l\u00e4rutveckling.&nbsp;<\/p>\n\n\n\n<p><\/p>\n","protected":false},"excerpt":{"rendered":"<p>P\u00e5 Granviks f\u00f6rskola dokumenterar vi barnens l\u00e4rande och utveckling i appen Tyra. D\u00e4r l\u00e4ggs ocks\u00e5 schema in och du som v\u00e5rdnadshavare kan enkelt kontakta f\u00f6rskolan via appen.\u00a0\u00a0 Vi f\u00f6ljer l\u00e4roplanen utifr\u00e5n ett \u00e5rshjul med olika \u00e4mnesomr\u00e5den. Exempelvis kan vi ha matematik, spr\u00e5k, sociala relationer, naturvetenskap och teknik eller motorik som \u00e4mnesomr\u00e5de.&nbsp; Vid varje uppstart s\u00e4tter&hellip; <a class=\"more-link\" href=\"https:\/\/www.granviksforskola.se\/?page_id=1408\">Continue reading <span class=\"screen-reader-text\">Dokumentation<\/span><\/a><\/p>\n","protected":false},"author":1,"featured_media":0,"parent":0,"menu_order":0,"comment_status":"closed","ping_status":"closed","template":"","meta":{"footnotes":""},"class_list":["post-1408","page","type-page","status-publish","hentry","entry"],"_links":{"self":[{"href":"https:\/\/www.granviksforskola.se\/index.php?rest_route=\/wp\/v2\/pages\/1408"}],"collection":[{"href":"https:\/\/www.granviksforskola.se\/index.php?rest_route=\/wp\/v2\/pages"}],"about":[{"href":"https:\/\/www.granviksforskola.se\/index.php?rest_route=\/wp\/v2\/types\/page"}],"author":[{"embeddable":true,"href":"https:\/\/www.granviksforskola.se\/index.php?rest_route=\/wp\/v2\/users\/1"}],"replies":[{"embeddable":true,"href":"https:\/\/www.granviksforskola.se\/index.php?rest_route=%2Fwp%2Fv2%2Fcomments&post=1408"}],"version-history":[{"count":3,"href":"https:\/\/www.granviksforskola.se\/index.php?rest_route=\/wp\/v2\/pages\/1408\/revisions"}],"predecessor-version":[{"id":1501,"href":"https:\/\/www.granviksforskola.se\/index.php?rest_route=\/wp\/v2\/pages\/1408\/revisions\/1501"}],"wp:attachment":[{"href":"https:\/\/www.granviksforskola.se\/index.php?rest_route=%2Fwp%2Fv2%2Fmedia&parent=1408"}],"curies":[{"name":"wp","href":"https:\/\/api.w.org\/{rel}","templated":true}]}}