{"id":1513,"date":"2024-09-06T14:04:41","date_gmt":"2024-09-06T13:04:41","guid":{"rendered":"https:\/\/www.granviksforskola.se\/?page_id=1513"},"modified":"2024-09-06T14:04:42","modified_gmt":"2024-09-06T13:04:42","slug":"en-dag-pa-forskolan","status":"publish","type":"page","link":"https:\/\/www.granviksforskola.se\/?page_id=1513","title":{"rendered":"En dag p\u00e5 f\u00f6rskolan"},"content":{"rendered":"\n<p><strong>En dag p\u00e5 f\u00f6rskolan&nbsp;<\/strong>&nbsp;<\/p>\n\n\n\n<p>6.30 F\u00f6rskolan \u00f6ppnar. Vi \u00f6ppnar och st\u00e4nger p\u00e5 avdelningen Solrosen.&nbsp;<\/p>\n\n\n\n<p>7.30 \u00d6vriga avdelningar \u00f6ppnar.&nbsp;<\/p>\n\n\n\n<p>8.00 frukost serveras.&nbsp;<\/p>\n\n\n\n<p>9.30 Fruktstund.\u00a0<\/p>\n\n\n\n<p>10-11.30 planerad undervisning.<\/p>\n\n\n\n<p>11.30 Lunch.\u00a0<\/p>\n\n\n\n<p>12.00 vila i vagn f\u00f6r de som sover. Uppevila med ex. L\u00e4sning f\u00f6r \u00f6vriga.&nbsp;<\/p>\n\n\n\n<p>13.00-14.00 utevistelse.\u00a0<\/p>\n\n\n\n<p>14.30 Mellanm\u00e5l.\u00a0<\/p>\n\n\n\n<p>16.45 sammanslagning p\u00e5 avdelningen Solrosen.&nbsp;<\/p>\n\n\n\n<p>17.30 f\u00f6rskolan st\u00e4nger.&nbsp;<\/p>\n","protected":false},"excerpt":{"rendered":"<p>En dag p\u00e5 f\u00f6rskolan&nbsp;&nbsp; 6.30 F\u00f6rskolan \u00f6ppnar. Vi \u00f6ppnar och st\u00e4nger p\u00e5 avdelningen Solrosen.&nbsp; 7.30 \u00d6vriga avdelningar \u00f6ppnar.&nbsp; 8.00 frukost serveras.&nbsp; 9.30 Fruktstund.\u00a0 10-11.30 planerad undervisning. 11.30 Lunch.\u00a0 12.00 vila i vagn f\u00f6r de som sover. Uppevila med ex. L\u00e4sning f\u00f6r \u00f6vriga.&nbsp; 13.00-14.00 utevistelse.\u00a0 14.30 Mellanm\u00e5l.\u00a0 16.45 sammanslagning p\u00e5 avdelningen Solrosen.&nbsp; 17.30 f\u00f6rskolan st\u00e4nger.&nbsp;<\/p>\n","protected":false},"author":1,"featured_media":0,"parent":0,"menu_order":0,"comment_status":"closed","ping_status":"closed","template":"","meta":{"footnotes":""},"class_list":["post-1513","page","type-page","status-publish","hentry","entry"],"_links":{"self":[{"href":"https:\/\/www.granviksforskola.se\/index.php?rest_route=\/wp\/v2\/pages\/1513"}],"collection":[{"href":"https:\/\/www.granviksforskola.se\/index.php?rest_route=\/wp\/v2\/pages"}],"about":[{"href":"https:\/\/www.granviksforskola.se\/index.php?rest_route=\/wp\/v2\/types\/page"}],"author":[{"embeddable":true,"href":"https:\/\/www.granviksforskola.se\/index.php?rest_route=\/wp\/v2\/users\/1"}],"replies":[{"embeddable":true,"href":"https:\/\/www.granviksforskola.se\/index.php?rest_route=%2Fwp%2Fv2%2Fcomments&post=1513"}],"version-history":[{"count":1,"href":"https:\/\/www.granviksforskola.se\/index.php?rest_route=\/wp\/v2\/pages\/1513\/revisions"}],"predecessor-version":[{"id":1515,"href":"https:\/\/www.granviksforskola.se\/index.php?rest_route=\/wp\/v2\/pages\/1513\/revisions\/1515"}],"wp:attachment":[{"href":"https:\/\/www.granviksforskola.se\/index.php?rest_route=%2Fwp%2Fv2%2Fmedia&parent=1513"}],"curies":[{"name":"wp","href":"https:\/\/api.w.org\/{rel}","templated":true}]}}

En dag på förskolan

<p><strong>En dag på förskolan&nbsp;</strong>&nbsp;</p>



<p>6.30 Förskolan öppnar. Vi öppnar och stänger på avdelningen Solrosen.&nbsp;</p>



<p>7.30 Övriga avdelningar öppnar.&nbsp;</p>



<p>8.00 frukost serveras.&nbsp;</p>



<p>9.30 Fruktstund. </p>



<p>10-11.30 planerad undervisning.</p>



<p>11.30 Lunch. </p>



<p>12.00 vila i vagn för de som sover. Uppevila med ex. Läsning för övriga.&nbsp;</p>



<p>13.00-14.00 utevistelse. </p>



<p>14.30 Mellanmål. </p>



<p>16.45 sammanslagning på avdelningen Solrosen.&nbsp;</p>



<p>17.30 förskolan stänger.&nbsp;</p>

<p>En dag på förskolan&nbsp;&nbsp; 6.30 Förskolan öppnar. Vi öppnar och stänger på avdelningen Solrosen.&nbsp; 7.30 Övriga avdelningar öppnar.&nbsp; 8.00 frukost serveras.&nbsp; 9.30 Fruktstund.  10-11.30 planerad undervisning. 11.30 Lunch.  12.00 vila i vagn för de som sover. Uppevila med ex. Läsning för övriga.&nbsp; 13.00-14.00 utevistelse.  14.30 Mellanmål.  16.45 sammanslagning på avdelningen Solrosen.&nbsp; 17.30 förskolan stänger.&nbsp;</p>
